 highest common factor of b and p?
15
Let i = 14 - 6. Let h = i - 4. Suppose 0 = h*a - 2*f - 20, 1 = 2*a - 3*f - 5. What is the highest common divisor of a and 66?
6
Suppose -6*x + 5*x = -48. Let s be ((-18)/4)/(108/(-144)). What is the highest common divisor of s and x?
6
Let s(c) = 8*c**2 - 3*c - 3. Let z be s(-2). Let f be (40/(-6))/(2/6). Let v be (0 - -1)/((-4)/f). Calculate the greatest common factor of z and v.
5
Let j be 4/14 + (-290)/(-14). Suppose -4 = -5*c + j. Calculate the greatest common factor of c and 50.
5
Suppose 0 = 5*y - 3*b - 14, 6 = 3*y - 0*b - 3*b. Let k = 106 - 102. Calculate the highest common factor of k and y.
4
Let g be ((-10)/1)/(0 - 2). Suppose 3*h - 76 = g*b + 46, -50 = -h - 3*b. Calculate the greatest common divisor of h and 11.
11
Let b be -3 + 0/1 + 13. Let a = 0 + -3. Let f(p) = p**2 + p - 2. Let x be f(a). Calculate the greatest common factor of b and x.
2
Let w = -1 + 5. Let q be w/22 + (-126)/(-33). Suppose -q = j - 17. What is the greatest common divisor of j and 117?
13
Suppose 237 = -x - 2*x. Let i = -40 - x. Calculate the greatest common factor of 13 and i.
13
Let d(b) = -b + 11. Let p be d(8). Suppose 6*f = p*f + 126. What is the greatest common factor of 28 and f?
14
Suppose 2*r + 2*r = 0. Suppose -3*x - 4 + 49 = r. Calculate the highest common divisor of 6 and x.
3
Let i = -25 + 14. Let f be (-4)/((-1)/i*-2). What is the greatest common divisor of f and 33?
11
Let n = 3 + 0. Suppose -t + 2*c + 41 = 1, -3 = -n*c. Suppose -84 = v - 4*v. What is the greatest common factor of v and t?
14
Let x be ((-52)/20 - (-3)/5) + 8. What is the highest common factor of x and 6?
6
Suppose t + 4*t = 35. Calculate the highest common factor of t and 49.
7
Suppose -2000 = 2*g + 2*g + 5*r, -g - 2*r - 497 = 0. Let n = -325 - g. Calculate the greatest common factor of n and 20.
20
Let d be 19 - (2 + -2 + 3). Calculate the greatest common divisor of 48 and d.
16
Let l be 13/2 + (-1)/(-2). Suppose -15*x - 56 = -23*x. Calculate the greatest common factor of l and x.
7
Let w(k) = 2*k**2 + 0*k**2 - 9*k**2 + 8 + k**3 + 7*k. Let r be w(6). Let x = 18 + -11. Calculate the highest common divisor of r and x.
7
Let b(f) = -f**2 - 13*f - 20. Let s be b(-10). Calculate the highest common factor of 30 and s.
10
Let w = 207 + -122. Let z(r) = -r**3 + 5*r**2 + 6*r - 6. Let a be z(4). What is the highest common divisor of a and w?
17
Let f(i) = 11*i**3 - i**2 + 2*i. Let p be f(2). Let d = 8 - 8. Let h = d - -8. Calculate the highest common factor of h and p.
8
Suppose -4*d = -d + 3*o - 72, -o + 112 = 5*d. Let t = -12 + d. Let x = t + -2. What is the greatest common divisor of 24 and x?
8
Let v(d) = -d**2 + 6*d + 1. Let b be v(3). Let z(s) = -s**2 - 5*s + 8. Let q be z(-6). Suppose -q*h + b = -6. What is the highest common divisor of h and 64?
8
Let u = 208 - 184. Let i = -5 + 11. What is the highest common divisor of u and i?
6
Let m = 14 - 13. Calculate the greatest common factor of 9 and m.
1
Let w = -28 - -59. Suppose -2*y - 139 = -x, x + w = -4*y + 152. What is the highest common divisor of 19 and x?
19
Let q = 13 - -5. Calculate the greatest common divisor of q and 27.
9
Let u(y) = y**3 - 12*y**2 + 23*y - 16. Let k be u(10). Suppose -2*p + 248 = -4. Calculate the highest common factor of k and p.
14
Suppose -3*l - 77 = -2*n - 1084, 3*n = -12. What is the greatest common factor of l and 37?
37
Let g(a) = a**2 + 14*a + 14. Let n be g(-14). Calculate the highest common divisor of 21 and n.
7
Suppose -6 = 4*z + 10. Let s be (70/21)/(z/(-6)). Suppose -10 = 3*b - 4*b + 3*p, -s*p - 5 = 0. What is the greatest common factor of 63 and b?
7
Let b(t) = t**2 + 13*t + 11. Let d be b(-12). Let c = d + 3. Suppose -2*q = -3*w + 39, 3*w - c*q - 48 = 3*q. What is the highest common divisor of w and 22?
11
Suppose 3*t - m - 442 = 4*m, -t - 2*m = -140. What is the highest common divisor of t and 16?
16
Let t be ((-120)/18)/((-8)/36). Calculate the greatest common divisor of 70 and t.
10
Suppose 0 - 47 = -5*s + 4*w, 0 = 4*s - 2*w - 34. Calculate the greatest common factor of s and 49.
7
Let x be (-80)/(-6) - -1*(-3)/9. What is the greatest common factor of x and 65?
13
Let z be 2/(1 + -3 + 3). Suppose -z*v - 34 = -4*v. What is the greatest common factor of v and 68?
17
Suppose j - 3*j = -150. What is the highest common divisor of 15 and j?
15
Suppose 3*f - 45 = -4*w - 2*f, 2*w - 4*f + 10 = 0. Suppose 0 = -w*d + 5, d + d - 1324 = -2*o. Let y = o - 419. What is the highest common divisor of 22 and y?
22
Suppose -211 = -4*u - 35. Suppose 4*a - 7 = -5*g + 237, g - 4*a - u = 0. Suppose 4 = 4*f - g. What is the highest common divisor of f and 13?
13
Let b = 6 - 5. What is the greatest common factor of 7 and b?
1
Let v(g) = g**3 + 10*g**2 - 6*g + 18. Let l be v(-10). What is the greatest common divisor of 26 and l?
26
Suppose z - 4 = 16. Calculate the greatest common factor of 10 and z.
10
Suppose 3*r - 9 = -0. Let g = -1 + r. Let z(q) = 2*q**2 + 5*q - 4. Let f be z(-4). What is the greatest common factor of g and f?
2
Suppose -x - 2*x + 2*a = -4, 3*a = -2*x + 20. Suppose -x*y = 63 + 157. Let w = y - -90. What is the greatest common factor of 5 and w?
5
Let f = -19 - -79. What is the greatest common divisor of f and 24?
12
Let i(c) = -c - 1. Let q(h) = h**2 + 12*h + 9. Let m(n) = -2*i(n) - q(n). Let x be m(-8). What is the greatest common factor of x and 45?
9
Let n(p) = -17*p. Let i be n(-2). Let s = i - 19. Suppose 2*o = s + 9. Calculate the greatest common factor of 6 and o.
6
Suppose 3*l - l = 3*k + 20, 2*l - 28 = k. Let q = 2 - 3. Let w be q + 83 - 2/1. Calculate the greatest common factor of l and w.
16
Suppose d = 3*y - 9, 0 = 6*y - 2*y + 5*d + 7. Calculate the highest common divisor of y and 1.
1
Let c be 3*3*(23 - 5). Let b = -7 - -25. What is the greatest common factor of c and b?
18
Suppose -t + 4*x - 2*x = -25, 2*t + 4*x = 90. Let d = t - 25. Calculate the greatest common divisor of 4 and d.
2
Let v be (-22)/(-6) + 2/6. Calculate the greatest common factor of v and 36.
4
Let y(h) = h**3 + 14*h**2 - h - 14. Let n be y(-10). Calculate the highest common divisor of 12 and n.
12
Let p = -53 - -62. Calculate the greatest common divisor of 99 and p.
9
Let j(d) = -d + 12. Let v be j(4). What is the greatest common divisor of 32 and v?
8
Let x(a) = 3*a**2 - 6*a - 5. Let u(g) = g**2 + 1. Let o(p) = 2*u(p) - x(p). Let l be o(5). Calculate the greatest common factor of l and 4.
4
Let u(n) = -3*n - 21. Let l be u(-14). Suppose -j - 306 = -2*d + 2*j, -3*d = -4*j - 457. What is the highest common divisor of d and l?
21
Let w = 166 - 148. What is the highest common factor of 81 and w?
9
Suppose 5*t - 80 + 20 = 0. What is the greatest common divisor of t and 96?
12
Let k = 29 - 11. What is the highest common factor of k and 198?
18
Suppose 92*w = 88*w + 320. Calculate the greatest common divisor of w and 20.
20
Let c(f) = 4*f**2 - f - 1. Let q be c(3). What is the greatest common divisor of q and 48?
16
Suppose -2*f - 82 = 5*x - 5*f, -2*x - 48 = -5*f. Let a be x*(-3 + 28/(-8)). Calculate the highest common divisor of 13 and a.
13
Let b = -77 - -134. What is the highest common divisor of 38 and b?
19
Let h be 10*-3*(-2)/6. Let t(r) = -2*r - 4. Let w be t(-3). Suppose -5*a + 4*q = -634 + 196, 5*a - 444 = w*q. Calculate the highest common factor of a and h.
10
Suppose 0 = 2*j - 20 - 18. Calculate the highest common divisor of j and 57.
19
Let u = -47 + 70. Let x(c) = 21*c**3 - 4*c**2 + 5*c - 1. Let p be x(2). Calculate the highest common divisor of p and u.
23
Let w(d) = 2*d**2 + 9*d - 18. Let y be w(6). What is the highest common factor of y and 12?
12
Suppose -3 = -y - 0. Suppose -144 = -o - 3*o + 3*j, o + 3*j - 21 = 0. What is the greatest common divisor of y and o?
3
Let h(n) = 0 + 1 - n - 5. Let c be h(-7). Let m be c/6*-2 - -2. What is the greatest common divisor of 4 and m?
1
Let o(l) = l**3 + 7*l**2 + 9*l + 11. Let t be o(-6). Let u be (t/(-3))/(12/36). Suppose -21 = 2*z - 5*z. What is the highest common factor of z and u?
7
Let w = 38 + -26. Calculate the highest common factor of 6 and w.
6
Let t be 6 + -4 + 0 + 2. Suppose -23 = -f - t*n - 2, -3*n = -15. Calculate the greatest common divisor of f and 1.
1
Let n be 0*(-2)/(-4)*2. Let q be (2 - n) + (5 - 0)